Suppose -67*h = -c*h + 552. What is the tens digit of h?
9
Suppose 5*g - 8 = g. Suppose q - 746 = -5*t - 282, g*t + 5*q = 181. Suppose l = t + 23. What is the units digit of l?
6
Suppose 0 = -3*d - 49 + 121. Let w be 5 - (-2118)/d*-4. Let b = w - -560. What is the units digit of b?
2
Let m(q) = -721*q**2 + 29*q + 3. Let k(w) = 180*w**2 - 7*w - 1. Let o(v) = 9*k(v) + 2*m(v). What is the units digit of o(-2)?
9
Suppose -801*p + 501840 = -784*p. What is the hundreds digit of p?
5
Suppose -512 = 75*j - 78*j + 2*n, 2*j + 2*n = 358. Let o = -953 - -1631. Suppose -9*v = -o + j. What is the tens digit of v?
5
Let s(m) = 592*m + 18109. What is the tens digit of s(25)?
0
Let v = -712 + 697. Let b = 450 + v. What is the hundreds digit of b?
4
Suppose -47*u + 0*u = 17*u - 2519424. What is the units digit of u?
6
Suppose 4*m + 570 = z + z, -z + 5*m = -291. Let u(t) = 7*t - 38. Let x be u(-23). Let n = x + z. What is the tens digit of n?
8
Let b(u) = -13*u - 179. Let c be b(-29). Let f = 354 + c. What is the units digit of f?
2
What is the thousands digit of 2 - -37877 - 1617/(-231)?
7
Let o(c) = -85*c - 80. Let k(u) = u**2 - 10*u - 61. Let d be k(14). What is the tens digit of o(d)?
4
Let g = -134 - -27. Let m = 236 - 62. Let a = m + g. What is the tens digit of a?
6
Suppose -l - w + 23741 = 0, -3 = 5*w - 8*w. What is the ten thousands digit of l?
2
Let z be 2077/2 - (-3)/(-6). Suppose 9*o - 5*o - z = -5*l, 411 = 2*l + 3*o. What is the tens digit of l?
1
Let t = -6 + 6. Suppose 3*c = -t + 33. Suppose c*f = 7*f + 120. What is the tens digit of f?
3
Let s(f) = 43*f**2 + 2*f + 18. Let d(k) = -42*k**2 - k - 11. Let b(o) = -3*d(o) - 2*s(o). Let z be (-8)/(-10)*5/2. What is the units digit of b(z)?
5
Let i(h) = 370*h - 605. What is the units digit of i(14)?
5
Let z = -610 - -612. Suppose -1821 - 665 = -z*v - 2*s, 5*s = -v + 1243. What is the thousands digit of v?
1
Let i(s) = -s**3 - 21*s + 6*s**2 + 2*s**3 - 18 + 13*s**2. Let p(n) = 5*n - 75. Let d be p(11). What is the units digit of i(d)?
2
Let d(w) = -184*w + 392. Let r be d(-13). Suppose r = -107*f + 131*f. What is the hundreds digit of f?
1
Suppose 0 = -4*g + 4*d - 44, -4*g + 5 = -7*g - 4*d. What is the hundreds digit of 2*(0 - 1) - (-356 - g)?
3
Suppose -19*x + 8*x - 12*x = -458781. What is the ten thousands digit of x?
1
Suppose 770 = 2*a - q - 105, -3 = -q. Suppose 4*k - 5*u - a = 316, -5*k + 970 = -u. Suppose -3*f = -2*d + 93, 0*f = -4*d + 3*f + k. What is the tens digit of d?
5
What is the hundreds digit of (563624/1316)/(4/70)?
4
Let t(h) = h**3 - 5*h**2 - 14*h - 3. Let m be t(7). Let s be 189/6 - 3*m/18. Suppose 3*j = -s + 557. What is the units digit of j?
5
Let d = 46 - -20. Suppose 3*h - d + 3 = 0. Let i(g) = -2*g**2 + 46*g + 25. What is the hundreds digit of i(h)?
1
Suppose 414*u = -15*u - 352*u + 21438450. What is the units digit of u?
0
Suppose -247 = -51*j + 38*j. Suppose -j*s + 22185 = 4458. What is the hundreds digit of s?
9
Suppose -2*d = -10, 5*d = c + 2*d + 12. Let b be c - (-9)/((-27)/24). What is the units digit of (-2 + 36/(-8))/(b/150)?
5
Suppose 2*x + 988 = 2*k - 908, -3*k + 2886 = 4*x. What is the hundreds digit of k?
9
Let b be ((-12)/24)/(2/(-36)). Suppose -3*u - 2012 = -2*v, 5*u - b*u = -3*v + 3020. What is the tens digit of v?
1
Suppose 49*h - 176*h - 189*h = -2570976. What is the hundreds digit of h?
1
Suppose 0 = -18*x - 14*x + 10368. Suppose -19*k + 7*k + x = 0. What is the tens digit of k?
2
Let z(v) = -2 + 1 + 17*v - 1 - 19*v. Let y(w) = w**2 + 2*w + 1. Let j(d) = 5*y(d) + 4*z(d). What is the tens digit of j(-5)?
1
Let d(b) = -6*b - 80. Let c be d(-12). Let y = c + 71. What is the units digit of y?
3
Suppose -3*p + 2479 = z - 3620, -5*p + 18305 = 3*z. What is the units digit of z?
5
Suppose -2*o = 2*b - 1306, -3*b - 39*o = -37*o - 1957. What is the hundreds digit of b?
6
Suppose -14*f + 7 = -63. Suppose f*o + 1001 = 2*u - 821, -3*u + 2733 = 4*o. What is the tens digit of u?
1
Suppose 3*d - 252 - 2139 = 0. Suppose c - d = -4*u, -3*c + c = -3*u + 584. What is the tens digit of u?
9
Suppose 0*t = 5*t - 30. Suppose 17*s - 19*s = -t. Suppose 8*i + 4*b = 6*i + 190, 3*b - 288 = -s*i. What is the tens digit of i?
9
Let p be (-5 - (2 + -7))/(-2). Let j = -25 + 31. Suppose j*z - 378 - 552 = p. What is the units digit of z?
5
Let t(j) = 1202*j - 3195. What is the tens digit of t(21)?
4
Suppose -3*q = 8*z - 6*z - 8184, -6*z + 5*q + 24468 = 0. What is the thousands digit of z?
4
Suppose 2*y - 3233 = -161. Suppose -z - 4*w - 130 = -441, 5*z + w = y. Let s = z - 179. What is the units digit of s?
8
Suppose -7*g + 15 = -2*g + 5*v, -3*v - 9 = -3*g. Suppose g*c - 859 = 5*j, -j + 858 = 3*c + 29. What is the units digit of c?
8
Suppose -2*f + 5*r + 41 = 0, -11*f + 10*f + 13 = 5*r. Let b(i) = -i**3 + 18*i**2 + 7*i - 22. What is the hundreds digit of b(f)?
1
Let s(r) = 113*r - 27. Let x be s(-2). Let j = x + 522. What is the hundreds digit of j?
2
Let k(g) = 27*g**3 + 2*g**2 - 2*g - 8. Let f be k(-2). Let z = 131 + f. Let b = 87 - z. What is the units digit of b?
8
Suppose -3*j - 837 = 3*y, 2*j + 0*y + 542 = 2*y. Let s = j - -640. What is the units digit of s?
5
Suppose -2*u + 2*a = -224, -161 - 302 = -4*u - a. Let i = u - 79. Let l = 144 + i. What is the hundreds digit of l?
1
Let o be -4 + 4 - (-9 + 13). What is the units digit of (-87)/6*o*440/16?
5
Let c = 5194 + -1723. What is the hundreds digit of c?
4
Let i(c) be the second derivative of 0 + 1/2*c**4 - 8*c**2 - 11/6*c**3 + 32*c. What is the hundreds digit of i(-6)?
2
Suppose 0 = 6*l - 3*l - 21. Let j(o) = 2 + 4*o**2 - 20*o + l*o + 10*o + 2*o**3 + 4*o**3. What is the tens digit of j(2)?
6
Let n(r) = -r**2 - 17*r + 59. Let j be n(-22). What is the tens digit of 1/3 + (-3655)/j?
7
Let a = 0 - -3. Suppose -a*b + x = -8 + 1, b - x - 1 = 0. Let i(d) = 8*d**2 - d + 11. What is the units digit of i(b)?
0
Let z = -40 + 42. What is the units digit of 377/(z - (0 - -1))?
7
Let v be 1/12*2 - (-26)/(-12). What is the hundreds digit of 1373 - (v/(-8))/(2/(-16))?
3
Let a(u) = 56*u - 146. Let x = 363 - 350. What is the hundreds digit of a(x)?
5
Suppose 11*q = 19*q. Suppose q = -367*c + 358*c + 3897. What is the units digit of c?
3
Suppose 12*f - 161613 = -27753. What is the units digit of f?
5
Let x(q) = -2*q**2 - 8*q + 32. Let p be x(-6). Let y(u) = 104*u + 87. What is the hundreds digit of y(p)?
9
Let z = -570 - -580. Suppose 2*j - 4 - 6 = 0. Suppose -j*m + 320 - z = 0. What is the units digit of m?
2
Let t(j) be the second derivative of j**3/6 + 7*j**2 - 12*j. Let q be t(-9). Suppose -5*m + 498 = 2*d - 209, q*m = 2*d + 703. What is the hundreds digit of m?
1
Let k be 2/((-3)/(-36)*3). Suppose 16*s - 2096 = k*s. What is the units digit of s?
2
Suppose 18*p = 20 + 16. Suppose -p*z + 8*z = 24. Suppose -z*x - 158 + 1202 = 0. What is the tens digit of x?
6
Let b(p) = p**3 - 12*p**2 + 15*p. Let g be (-1)/((-5)/((-40)/(-4))). Suppose 5*z - g*z - 33 = 0. What is the units digit of b(z)?
4
Let s = -1241 - -2860. Let k = s - 951. What is the tens digit of k?
6
Let u(j) = -j + 1. Let n(c) = -308*c**3 - c**2 + 4*c - 3. Let r(s) = -n(s) - 2*u(s). Let f be 380/20 + (-18)/2 + -9. What is the units digit of r(f)?
8
Suppose 0 = -30*m + 26*m + 12. Suppose m*l + 193 = 2*q, 6*q - 5*l = 4*q + 203. What is the tens digit of q?
8
Let u(d) = -d**3 - 2*d**2 + 1. Let a be u(1). What is the units digit of ((-3 - -4) + a)*-120?
0
Let t(i) = 112*i**2 - 81*i + 745. What is the ten thousands digit of t(10)?
1
Suppose 9*p = -30*p - 819. Let a = p - -446. What is the tens digit of a?
2
Let n(j) = j**2 + 10*j + 39. Suppose 9 = -47*p + 48*p. What is the units digit of n(p)?
0
What is the thousands digit of (475/(-1)*(-2167)/591)/(2/18)?
5
Suppose 323919 = -35*o + 18*o + 26*o. What is the thousands digit of o?
5
Let d(j) = 19*j - 109. Let y be d(6). What is the units digit of (-5 + 2)/(y/(-10))*2?
2
Let v(y) = 1392*y - 1802. What is the hundreds digit of v(6)?
5
Let d(u) = -u**3 - 3*u**2 - 5*u - 4. Let n be d(-2). Suppose 6*o - 2879 = -n*t + o, 4*o + 2906 = 2*t. What is the tens digit of t?
4
Let o(u) = 2*u**3 + 22*u**2 + 37*u + 32. What is the hundreds digit of o(17)?
8
Let c be (-24)/(-48) - (-35)/2. Suppose 18 = -7*w + c. What is the units digit of -386*(-5 + w)/10?
3
Let h = -4